) in base 7?
2102
Convert 649 (base 10) to base 3.
220001
Convert -970 (base 15) to base 7.
-6132
2956 (base 10) to base 15
d21
Convert 1101122112 (base 3) to base 5.
1334241
What is -1723 (base 9) in base 12?
-919
-111113 (base 4) to base 9
-1778
Convert 42210 (base 5) to base 3.
10211220
What is 1a76 (base 11) in base 15?
b9e
Convert 55565 (base 8) to base 13.
a870
What is -20805 (base 9) in base 15?
-4135
-11001110111100 (base 2) to base 16
-33bc
What is -30054 (base 6) in base 7?
-14302
What is 2a389 (base 11) in base 3?
2012001112
What is -1212 (base 12) in base 6?
-13222
What is 120221 (base 3) in base 16?
1ae
Convert 74530 (base 9) to base 2.
1100000001111011
What is 2120100110 (base 3) in base 15?
eea6
What is -1525 (base 11) in base 8?
-3653
Convert 232 (base 4) to base 11.
42
Convert -921 (base 10) to base 16.
-399
What is 5452 (base 6) in base 7?
3443
761 (base 8) to base 16
1f1
Convert 1201110 (base 3) to base 12.
886
1101022122 (base 3) to base 15
80db
Convert -110110111101 (base 2) to base 11.
-2708
121001 (base 5) to base 12
2731
Convert -1d5 (base 14) to base 8.
-577
What is 1011110 (base 3) in base 8?
1521
Convert -851 (base 14) to base 6.
-11331
What is 2312 (base 6) in base 12?
398
Convert 13032 (base 4) to base 6.
2050
What is -1774 (base 10) in base 16?
-6ee
What is -141745 (base 8) in base 12?
-25031
Convert 324341 (base 6) to base 3.
1100220221
Convert 129 (base 14) to base 7.
452
Convert -2505 (base 8) to base 12.
-945
What is 100323 (base 4) in base 5?
13313
What is -b1 (base 14) in base 11?
-131
What is 200221 (base 3) in base 13?
304
20552 (base 8) to base 15
2804
-2525 (base 6) to base 7
-1556
-4b (base 14) to base 8
-103
What is -12143 (base 6) in base 4?
-123333
What is 2b9 (base 15) in base 11?
518
What is 21122122 (base 3) in base 15?
19be
What is -20401 (base 7) in base 11?
-3835
-d8b0 (base 16) to base 9
-84075
Convert 33a5 (base 14) to base 10.
8965
Convert 564 (base 13) to base 6.
4143
Convert 1047 (base 16) to base 9.
5640
What is 7264 (base 11) in base 14?
371b
What is 242330 (base 5) in base 4?
2032002
What is -200222 (base 3) in base 16?
-200
20101021 (base 3) to base 10
4651
36b (base 14) to base 7
1664
Convert 1a8d (base 15) to base 11.
4365
What is -2010213 (base 4) in base 6?
-103143
2110002 (base 3) to base 6
12132
What is -495 (base 12) in base 2?
-1010110001
What is 1188 (base 9) in base 8?
1572
What is 133201 (base 4) in base 16?
7e1
What is 423021 (base 6) in base 8?
103065
-6851 (base 12) to base 7
-45523
What is 1110110110101 (base 2) in base 14?
2ab3
What is 763 (base 9) in base 12?
440
Convert -5330 (base 6) to base 2.
-10010110110
Convert 10000011010000 (base 2) to base 6.
102520
-6014 (base 8) to base 14
-11a4
What is -252005 (base 6) in base 15?
-69ce
Convert 21 (base 15) to base 4.
133
6603 (base 9) to base 7
20115
Convert -149c (base 15) to base 5.
-120142
What is 8359 (base 12) in base 2?
11011111110101
What is -6037 (base 12) in base 13?
-497b
-9471 (base 12) to base 5
-1004323
-10143 (base 5) to base 4
-22201
-2a5 (base 11) to base 16
-165
-1110000000000 (base 2) to base 3
-100211111
Convert 30711 (base 8) to base 6.
135001
Convert -4813 (base 11) to base 5.
-200211
Convert -34 (base 7) to base 16.
-19
What is -746 (base 8) in base 7?
-1263
1324 (base 9) to base 4
33202
Convert -42600 (base 7) to base 6.
-121000
Convert ac6 (base 13) to base 8.
3474
Convert -1b (base 16) to base 15.
-1c
What is 11335 (base 6) in base 10?
1643
Convert 1342034 (base 5) to base 8.
66171
What is -b59 (base 16) in base 12?
-1821
3427 (base 11) to base 14
18dc
17670 (base 8) to base 11
6112
376 (base 8) to base 5
2004
-416 (base 9) to base 2
-101010011
3200 (base 7) to base 11
935
Convert -57a7 (base 13) to base 4.
-3000101
Convert -120022211 (base 3) to base 9.
-16284
-100001010010111 (base 2) to base 5
-1021142
-19 (base 13) to base 7
-31
Convert -5567 (base 16) to base 15.
-6728
What is 3101312 (base 5) in base 15?
ed22
Convert -342f (base 16) to base 5.
-411414
What is 2384 (base 16) in base 13?
41a5
-7709 (base 15) to base 8
-61171
-4788 (base 16) to base 13
-8448
Convert 135a (base 12) to base 11.
1748
-10120 (base 5) to base 15
-2e0
-1104 (base 6) to base 7
-514
Convert 11271 (base 11) to base 12.
9518
-13132 (base 5) to base 8
-2022
What is -13627 (base 8) in base 10?
-6039
-204240 (base 5) to base 12
-3b44
What is -67 (base 8) in base 3?
-2001
Convert -3556 (base 7) to base 8.
-2443
-10466 (base 8) to base 16
-1136
-701 (base 16) to base 3
-2110102
What is 2770 (base 8) in base 14?
7b2
114145 (base 6) to base 3
111201102
Convert -3 (base 15) to base 2.
-11
What is -10024 (base 5) in base 10?
-639
Convert 1278 (base 12) to base 11.
1647
Convert -2301201 (base 4) to base 16.
-2c61
What is 1434 (base 5) in base 7?
466
Convert -928 (base 10) to base 2.
-1110100000
What is 1531 (base 6) in base 16?
19f
-310 (base 11) to base 10
-374
What is 1001010100 (base 2) in base 8?
1124
Convert 144 (base 11) to base 7.
331
301 (base 5) to base 4
1030
What is 7326 (base 10) in base 6?
53530
Convert 3978 (base 15) to base 10.
12263
What is 13112 (base 4) in base 15?
215
What is -6673 (base 10) in base 6?
-50521
What is -35 (base 15) in base 10?
-50
Convert -3230 (base 7) to base 11.
-954
What is 66 (base 13) in base 16?
54
Convert 12232 (base 4) to base 7.
1153
Convert 9b6 (base 14) to base 7.
5416
What is 3728 (base 9) in base 10?
2780
27080 (base 11) to base 6
455035
Convert -22102111 (base 3) to base 14.
-234a
What is -10a (base 15) in base 9?
-281
-3220 (base 12) to base 9
-7476
What is -15312 (base 15) in base 2?
-10000101001100000
2b84 (base 16) to base 5
324030
What is -277 (base 11) in base 10?
-326
Convert 3661 (base 13) to base 4.
1320010
What is -4146 (base 14) in base 4?
-2233202
1092 (base 10) to base 6
5020
35703 (base 9) to base 4
11311122
What is 11000001100 (base 2) in base 14?
7c8
Convert 11a (base 11) to base 2.
10001110
-29a (base 13) to base 10
-465
-33102 (base 5) to base 7
-6432
What is 46604 (base 7) in base 8?
27270
-2301 (base 5) to base 14
-194
What is 12a (base 13) in base 4?
3031
What is 25e (base 15) in base 11?
450
What is -20205 (base 6) in base 16?
-a6d
-580 (base 15) to base 6
-5433
1a6b (base 12) to base 7
12323
-14c8 (base 14) to base 5
-104304
Convert 4ca (base 13) to base 11.
6a6
-1016 (base 16) to base 6
-31022
1546 (base 15) to base 4
1013112
Convert -354 (base 8) to base 6.
-1032
Convert 24054 (base 7) to base 10.
6213
Convert 1447 (base 16) to base 6.
40011
-1632 (base 9) to base 10
-1244
What is -102131 (base 4) in base 15?
-53b
Convert -77 (base 15) to base 12.
-94
543 (base 7) to base 4
10110
What is -1221 (base 4) in base 6?
-253
What is -445 (base 7) in base 2?
-11100101
Convert -1556 (base 8) to base 16.
-36e
Convert 95 (base 16) to base 15.
9e
18371 (base 9) to base 14
48b2
What is 1001000110010 (base 2) in base 3?
20101112
-132 (base 13) to base 15
-e0
-5232 (base 7) to base 10
-1836
What is -5033 (base 10) in base 11?
-3866
Convert -7452 (base 14) to base 16.
-4e60
Convert 10705 (base 10) to base 5.
320310
What is 6528 (base 12) in base 6?
123252
-10120221022 (base 3) to base 12
-34a8b
-16580 (base 9) to base 13
-526b
What is -1102310 (base 4) in base 5?
-132200
What is 426a (base 11) in base 5?
140032
What is 2046 (base 7) in base 3?
222200
129 (base 13) to base 5
1304
Convert -11157 (base 8) to base 9.
-6423
What is 187 (base 9) in base 14?
b6
Convert 3b0 (base 12) to base 3.
202220
-1200100 (base 3) to base 5
-14344
-38d3 (base 14) to base 11
-7558
Convert 5566 (base 9) to base 4.
1000032
What is -1099b (base 16) in base 6?
-1242443
Convert -23254 (base 6) to base 7.
-12520
What is -215211 (base 6) in base 11?
-12590
Convert 111111100011 (base 2) to base 6.
30455
Convert 2212002 (base 3) to base 11.
1622
-23357 (base 8) to base 15
-2e47
Convert -76 (base 9) to base 12.
-59
What is 4234 (base 6) in base 13?
589
3670 (base 9) to base 6
20400
Convert -1033032 (base 4) to base 2.
-1001111001110
Convert -16630 (base 7) to base 12.
-291a
214032 (base 5) to base 4
1303200
Convert -1314 (base 12) to base 10.
-2176
-1c2 (base 15) to base 8
-627
What is 5a2 (base 11) in base 3?
222120
What is 3051 (base 7) in base 10?
1065
Convert 720 (base 13) to base 15.
559
What i